rime factors of 29973.
3, 97, 103
What are the prime factors of 3026?
2, 17, 89
What are the prime factors of 713?
23, 31
What are the prime factors of 10713?
3, 3571
What are the prime factors of 63?
3, 7
What are the prime factors of 7914?
2, 3, 1319
List the prime factors of 32045.
5, 13, 17, 29
List the prime factors of 4062.
2, 3, 677
What are the prime factors of 128355?
3, 5, 43, 199
List the prime factors of 1734.
2, 3, 17
What are the prime factors of 34450?
2, 5, 13, 53
What are the prime factors of 4042?
2, 43, 47
What are the prime factors of 6914?
2, 3457
What are the prime factors of 1666?
2, 7, 17
List the prime factors of 20430.
2, 3, 5, 227
List the prime factors of 1647.
3, 61
What are the prime factors of 105173?
105173
What are the prime factors of 1259?
1259
List the prime factors of 4470.
2, 3, 5, 149
List the prime factors of 460.
2, 5, 23
What are the prime factors of 19518?
2, 3, 3253
List the prime factors of 50812.
2, 12703
List the prime factors of 1250.
2, 5
What are the prime factors of 3516?
2, 3, 293
List the prime factors of 435.
3, 5, 29
List the prime factors of 308.
2, 7, 11
List the prime factors of 1448.
2, 181
What are the prime factors of 5759?
13, 443
List the prime factors of 10438.
2, 17, 307
List the prime factors of 16838.
2, 8419
What are the prime factors of 15299?
15299
List the prime factors of 31196.
2, 11, 709
List the prime factors of 873.
3, 97
What are the prime factors of 684?
2, 3, 19
List the prime factors of 2398.
2, 11, 109
What are the prime factors of 2001?
3, 23, 29
What are the prime factors of 131603?
101, 1303
List the prime factors of 3605.
5, 7, 103
List the prime factors of 26066.
2, 13033
List the prime factors of 14392.
2, 7, 257
What are the prime factors of 10968?
2, 3, 457
What are the prime factors of 29259?
3, 3251
List the prime factors of 132642.
2, 3, 7369
List the prime factors of 863.
863
What are the prime factors of 97116?
2, 3, 8093
What are the prime factors of 8494?
2, 31, 137
List the prime factors of 1146.
2, 3, 191
List the prime factors of 1736.
2, 7, 31
What are the prime factors of 2936?
2, 367
What are the prime factors of 4534?
2, 2267
List the prime factors of 1050.
2, 3, 5, 7
List the prime factors of 1342.
2, 11, 61
List the prime factors of 4226.
2, 2113
What are the prime factors of 49953?
3, 16651
List the prime factors of 12835.
5, 17, 151
What are the prime factors of 101668?
2, 7, 3631
What are the prime factors of 245?
5, 7
What are the prime factors of 10188?
2, 3, 283
What are the prime factors of 23693?
19, 29, 43
What are the prime factors of 11961?
3, 443
List the prime factors of 92.
2, 23
List the prime factors of 349.
349
What are the prime factors of 25709?
47, 547
What are the prime factors of 656?
2, 41
List the prime factors of 2035.
5, 11, 37
What are the prime factors of 670?
2, 5, 67
What are the prime factors of 25335?
3, 5, 563
What are the prime factors of 5315?
5, 1063
List the prime factors of 909.
3, 101
List the prime factors of 1444.
2, 19
What are the prime factors of 10351?
11, 941
What are the prime factors of 29328?
2, 3, 13, 47
What are the prime factors of 2026?
2, 1013
List the prime factors of 57295.
5, 7, 1637
List the prime factors of 11634.
2, 3, 7, 277
List the prime factors of 2435.
5, 487
What are the prime factors of 361?
19
List the prime factors of 3329.
3329
List the prime factors of 13770.
2, 3, 5, 17
List the prime factors of 648.
2, 3
List the prime factors of 1329.
3, 443
List the prime factors of 45434.
2, 22717
List the prime factors of 320.
2, 5
List the prime factors of 1932.
2, 3, 7, 23
What are the prime factors of 4480?
2, 5, 7
List the prime factors of 41913.
3, 4657
What are the prime factors of 15913?
15913
List the prime factors of 2108.
2, 17, 31
What are the prime factors of 1238?
2, 619
What are the prime factors of 1577?
19, 83
List the prime factors of 49094.
2, 24547
What are the prime factors of 34063?
23, 1481
List the prime factors of 1008.
2, 3, 7
What are the prime factors of 416?
2, 13
What are the prime factors of 19215?
3, 5, 7, 61
What are the prime factors of 27570?
2, 3, 5, 919
List the prime factors of 146123.
47, 3109
What are the prime factors of 506?
2, 11, 23
List the prime factors of 68494.
2, 23, 1489
What are the prime factors of 2148?
2, 3, 179
What are the prime factors of 5181?
3, 11, 157
What are the prime factors of 162349?
11, 14759
List the prime factors of 3049.
3049
List the prime factors of 4958.
2, 37, 67
List the prime factors of 41293.
7, 17, 347
What are the prime factors of 293?
293
List the prime factors of 7095.
3, 5, 11, 43
What are the prime factors of 721?
7, 103
List the prime factors of 7310.
2, 5, 17, 43
What are the prime factors of 5807?
5807
What are the prime factors of 1210?
2, 5, 11
List the prime factors of 11028.
2, 3, 919
List the prime factors of 1071.
3, 7, 17
List the prime factors of 7411.
7411
What are the prime factors of 9988?
2, 11, 227
List the prime factors of 110539.
11, 13, 773
List the prime factors of 1498.
2, 7, 107
What are the prime factors of 68854?
2, 173, 199
List the prime factors of 30381.
3, 13, 19, 41
List the prime factors of 55.
5, 11
List the prime factors of 1162.
2, 7, 83
List the prime factors of 3990.
2, 3, 5, 7, 19
What are the prime factors of 3428?
2, 857
List the prime factors of 4053.
3, 7, 193
List the prime factors of 19220.
2, 5, 31
What are the prime factors of 8562?
2, 3, 1427
List the prime factors of 69293.
7, 19, 521
List the prime factors of 72628.
2, 67, 271
List the prime factors of 785.
5, 157
What are the prime factors of 10045?
5, 7, 41
List the prime factors of 59.
59
List the prime factors of 27305.
5, 43, 127
List the prime factors of 40458.
2, 3, 11, 613
List the prime factors of 118898.
2, 13, 17, 269
List the prime factors of 41819.
19, 31, 71
What are the prime factors of 8671?
13, 23, 29
What are the prime factors of 3305?
5, 661
What are the prime factors of 8675?
5, 347
What are the prime factors of 1729?
7, 13, 19
What are the prime factors of 5092?
2, 19, 67
What are the prime factors of 4500?
2, 3, 5
What are the prime factors of 66?
2, 3, 11
What are the prime factors of 5881?
5881
List the prime factors of 17504.
2, 547
What are the prime factors of 1871?
1871
What are the prime factors of 4087?
61, 67
List the prime factors of 21447.
3, 2383
List the prime factors of 60545.
5, 12109
What are the prime factors of 6013?
7, 859
List the prime factors of 27870.
2, 3, 5, 929
What are the prime factors of 2651?
11, 241
What are the prime factors of 16637?
127, 131
List the prime factors of 1267.
7, 181
What are the prime factors of 1886?
2, 23, 41
What are the prime factors of 6330?
2, 3, 5, 211
List the prime factors of 2817.
3, 313
What are the prime factors of 13947?
3, 4649
List the prime factors of 10993.
10993
List the prime factors of 4000.
2, 5
List the prime factors of 610.
2, 5, 61
List the prime factors of 7115.
5, 1423
List the prime factors of 13090.
2, 5, 7, 11, 17
List the prime factors of 15088.
2, 23, 41
What are the prime factors of 14755?
5, 13, 227
List the prime factors of 3424.
2, 107
List the prime factors of 7284.
2, 3, 607
What are the prime factors of 12121?
17, 23, 31
What are the prime factors of 7059?
3, 13, 181
What are the prime factors of 14769?
3, 547
What are the prime factors of 54222?
2, 3, 7, 1291
List the prime factors of 85.
5, 17
What are the prime factors of 117553?
19, 23, 269
List the prime factors of 99.
3, 11
List the prime factors of 183285.
3, 5, 4073
What are the prime factors of 2351?
2351
What are the prime factors of 12839?
37, 347
What are the prime factors of 28088?
2, 3511
List the prime factors of 39325.
5, 11, 13
What are the prime factors of 72379?
72379
What are the prime factors of 12055?
5, 2411
What are the prime factors of 14826?
2, 3, 7, 353
List the prime factors of 1401.
3, 467
List the prime factors of 1329.
3, 443
What are the prime factors of 2724?
2, 3, 227
List the prime factors of 9888.
2, 3, 103
List the prime factors of 15218.
2, 7, 1087
List the prime factors of 24158.
2, 47, 257
What are the prime factors of 848?
2, 53
What are the prime factors of 16463?
101, 163
List the prime factors of 3526